e hundreds digit of 30722?
7
What is the hundreds digit of 482?
4
What is the units digit of 2276?
6
What is the tens digit of 40132?
3
What is the thousands digit of 7463?
7
What is the tens digit of 4807?
0
What is the tens digit of 2236?
3
What is the tens digit of 1111?
1
What is the units digit of 106894?
4
What is the units digit of 10979?
9
What is the units digit of 55?
5
What is the thousands digit of 6620?
6
What is the units digit of 961?
1
What is the thousands digit of 4994?
4
What is the units digit of 1316?
6
What is the units digit of 122555?
5
What is the tens digit of 8168?
6
What is the units digit of 20798?
8
What is the tens digit of 1108?
0
What is the tens digit of 630?
3
What is the tens digit of 5304?
0
What is the thousands digit of 112001?
2
What is the units digit of 4326?
6
What is the hundreds digit of 753?
7
What is the tens digit of 11721?
2
What is the units digit of 18777?
7
What is the thousands digit of 1054?
1
What is the tens digit of 712?
1
What is the hundreds digit of 1552?
5
What is the thousands digit of 6465?
6
What is the thousands digit of 6529?
6
What is the tens digit of 1310?
1
What is the tens digit of 8244?
4
What is the units digit of 3674?
4
What is the tens digit of 680?
8
What is the tens digit of 57727?
2
What is the tens digit of 29560?
6
What is the thousands digit of 116095?
6
What is the thousands digit of 13329?
3
What is the ten thousands digit of 14902?
1
What is the tens digit of 3328?
2
What is the tens digit of 1849?
4
What is the tens digit of 1226?
2
What is the thousands digit of 8976?
8
What is the thousands digit of 6139?
6
What is the thousands digit of 30179?
0
What is the thousands digit of 8418?
8
What is the tens digit of 2532?
3
What is the units digit of 33909?
9
What is the tens digit of 125?
2
What is the tens digit of 73743?
4
What is the tens digit of 4793?
9
What is the tens digit of 296?
9
What is the tens digit of 5348?
4
What is the units digit of 71293?
3
What is the thousands digit of 1090?
1
What is the units digit of 4091?
1
What is the tens digit of 6421?
2
What is the units digit of 13302?
2
What is the ten thousands digit of 80858?
8
What is the units digit of 47?
7
What is the units digit of 985?
5
What is the ten thousands digit of 15754?
1
What is the tens digit of 7968?
6
What is the units digit of 15614?
4
What is the units digit of 9302?
2
What is the units digit of 71730?
0
What is the units digit of 16213?
3
What is the thousands digit of 15170?
5
What is the units digit of 157227?
7
What is the hundreds digit of 1962?
9
What is the hundred thousands digit of 102145?
1
What is the thousands digit of 25415?
5
What is the hundreds digit of 42961?
9
What is the thousands digit of 23548?
3
What is the hundreds digit of 915?
9
What is the thousands digit of 15492?
5
What is the tens digit of 162860?
6
What is the thousands digit of 44407?
4
What is the tens digit of 15874?
7
What is the units digit of 2348?
8
What is the thousands digit of 1045?
1
What is the units digit of 2962?
2
What is the tens digit of 2292?
9
What is the tens digit of 1185?
8
What is the units digit of 3216?
6
What is the tens digit of 5522?
2
What is the thousands digit of 10868?
0
What is the tens digit of 906?
0
What is the hundreds digit of 1251?
2
What is the thousands digit of 3799?
3
What is the thousands digit of 13671?
3
What is the hundreds digit of 1916?
9
What is the units digit of 516?
6
What is the units digit of 1241?
1
What is the ten thousands digit of 34198?
3
What is the units digit of 5454?
4
What is the ten thousands digit of 102395?
0
What is the tens digit of 1561?
6
What is the units digit of 10915?
5
What is the tens digit of 7309?
0
What is the units digit of 1067?
7
What is the units digit of 929?
9
What is the tens digit of 641?
4
What is the units digit of 1186?
6
What is the hundreds digit of 130242?
2
What is the hundreds digit of 4396?
3
What is the tens digit of 6296?
9
What is the tens digit of 33925?
2
What is the tens digit of 77557?
5
What is the units digit of 2742?
2
What is the thousands digit of 1336?
1
What is the units digit of 20870?
0
What is the thousands digit of 65343?
5
What is the tens digit of 4643?
4
What is the tens digit of 1221?
2
What is the thousands digit of 11562?
1
What is the hundreds digit of 689?
6
What is the hundreds digit of 1559?
5
What is the thousands digit of 15905?
5
What is the tens digit of 913?
1
What is the units digit of 9884?
4
What is the thousands digit of 1543?
1
What is the hundreds digit of 20249?
2
What is the thousands digit of 4029?
4
What is the units digit of 4014?
4
What is the tens digit of 221?
2
What is the units digit of 58149?
9
What is the tens digit of 26966?
6
What is the thousands digit of 1705?
1
What is the units digit of 2624?
4
What is the ten thousands digit of 74431?
7
What is the tens digit of 549?
4
What is the units digit of 947?
7
What is the ten thousands digit of 61437?
6
What is the units digit of 5713?
3
What is the hundreds digit of 22188?
1
What is the tens digit of 6472?
7
What is the tens digit of 1848?
4
What is the hundreds digit of 1444?
4
What is the thousands digit of 138254?
8
What is the units digit of 21174?
4
What is the ten thousands digit of 22999?
2
What is the thousands digit of 18316?
8
What is the hundreds digit of 113593?
5
What is the tens digit of 83701?
0
What is the tens digit of 19?
1
What is the thousands digit of 2954?
2
What is the thousands digit of 1326?
1
What is the hundreds digit of 30932?
9
What is the thousands digit of 3324?
3
What is the tens digit of 20062?
6
What is the hundreds digit of 30656?
6
What is the thousands digit of 3286?
3
What is the units digit of 31701?
1
What is the hundreds digit of 18605?
6
What is the hundreds digit of 108944?
9
What is the units digit of 2766?
6
What is the units digit of 8345?
5
What is the hundred thousands digit of 167342?
1
What is the ten thousands digit of 35013?
3
What is the units digit of 1574?
4
What is the tens digit of 8163?
6
What is the units digit of 307?
7
What is the units digit of 612?
2
What is the thousands digit of 136074?
6
What is the thousands digit of 7457?
7
What is the tens digit of 3979?
7
What is the units digit of 2586?
6
What is the hundred thousands digit of 127505?
1
What is the hundreds digit of 4602?
6
What is the thousands digit of 1613?
1
What is the hundreds digit of 3567?
5
What is the tens digit of 17190?
9
What is the ten thousands digit of 62370?
6
What is the thousands digit of 5301?
5
What is the tens digit of 9867?
6
What is the hundreds digit of 2567?
5
What is the units digit of 1738?
8
What is the thousands digit of 1902?
1
What is the ten thousands digit of 18058?
1
What is the thousands digit of 79110?
9
What is the units digit of 1432?
2
What is the tens digit of 854?
5
What is the hundreds digit of 615?
6
What is the hundreds digit of 1465?
4
What is the hundreds digit of 13717?
7
What is the units digit of 17688?
8
What is the thousands digit of 4219?
4
What is the hundreds digit of 2700?
7
What is the units digit of 68869?
9
What is the hundreds digit of 2695?
6
What is the tens digit of 19633?
3
What is the hundreds digit of 1806?
8
What is the hundreds digit of 4830?
8
What is the hundreds digit of 8906?
9
What is the hundreds digit of 5968?
9
What is the hundreds digit of 2504?
5
What is the tens digit of 1226?
2
What is the ten thousands digit of 16938?
1
What is the thousands digit of 4062?
4
What is the hundreds digit of 10913?
9
What is the ten thousands digit of 114976?
1
What is the tens digit of 22971?
7
What is the units digit of 11995?
5
What is the units digit of 6082?
2
What is the ten thousands digit of 26433?
2
What is the hundreds digit of 10651?
6
What is the units digit of 4264?
4
What is the hundreds digit of 157290?
2
What is the hundreds digit of 9353?
3
What is the hundreds digit of 2631?
6
What is the thousands digit of 5843?
5
What is the ten thousands digit of 25814?
2
What is the tens digit of 4528?
2
What is the thousands digit of 5834?
5
What is the hundreds digit of 15622?
6
What is the tens digit of 795?
9
What is the units digit of 20886?
6
What is the hundreds digit of 1744?
7
What is the tens digit of 